{"id":20,"date":"2009-06-06T23:40:31","date_gmt":"2009-06-06T21:40:31","guid":{"rendered":"http:\/\/sophrologues.org\/theme1\/?page_id=20"},"modified":"2023-11-13T15:03:53","modified_gmt":"2023-11-13T15:03:53","slug":"horaires-et-tarifs","status":"publish","type":"page","link":"https:\/\/cavokconseil.fr\/mdvelea\/?page_id=20","title":{"rendered":"Horaires et tarifs"},"content":{"rendered":"<p align=\"center\">Tarif en vigueur au 01\/09\/2023<\/p>\n<ul>\n<li>Enfants : <strong>35 euros<\/strong> la s\u00e9ance (30&prime; en cabinet ou en visio)<\/li>\n<li>Adultes et s\u00e9niors<b> : <\/b><strong style=\"color: #333333; font-family: &amp;quot; roboto&amp;quot;,sans-serif; font-size: 16px; font-style: normal; font-variant: normal; font-weight: bold; letter-spacing: normal; orphans: 2; text-align: left; text-decoration: none; text-indent: 0px; text-transform: none; -webkit-text-stroke-width: 0px; white-space: normal; word-spacing: 0px;\">55 euros <\/strong><span style=\"display: inline !important; float: none; background-color: #ffffff; color: #333333; font-family: 'Roboto',sans-serif; font-size: 16px; font-style: normal; font-variant: normal; font-weight: 200; letter-spacing: normal; orphans: 2; text-align: left; text-decoration: none; text-indent: 0px; text-transform: none; -webkit-text-stroke-width: 0px; white-space: normal; word-spacing: 0px;\">les 50\u2032 de sophrologie \u00a0 ou\u00a0 <\/span><b>60 euros<\/b>\u00a0au cabinet l\u2019heure de s\u00e9ance sophrologie + relation d &lsquo;aide (en cabinet ou en visio)<\/li>\n<li>Couples\u00a0en s\u00e9ance duo : <strong>90 euros<\/strong> l\u2019heure de s\u00e9ance pour les 2<\/li>\n<li>Duo d&rsquo;ados en pr\u00e9paration d\u2019examen\u00a0 : 30 euros chacun l\u2019heure de s\u00e9ance (en cabinet ou en visio)<\/li>\n<li>Pour une prise en charge avec Sophro analyse n\u00e9cessitant une s\u00e9ance de\u00a0<b>1.30\u00a0: 90 euros<\/b><\/li>\n<\/ul>\n<address>\u00a0<\/address>\n<address>\n<address>Depuis quelques ann\u00e9es, j&rsquo;assure des <strong>s\u00e9ances<\/strong> en <strong>VISIO<\/strong>, \u00e0 titre individuel (ou en ateliers groupe ferm\u00e9s via l&rsquo;ARS). Lorsque nous prenons rdv, je vous envoie le lien auquel vous vous connecterez \u00e0 l&rsquo;heure du rdv.<\/address>\n<address>\u00a0<\/address>\n<\/address>\n<address>Pour les ateliers groupe \u00e0 St Hilaire de Riez, me contacter au cas par cas (parkinson, acouph\u00e8nes, gestion du poids&#8230;)<\/address>\n<address>Possibilit\u00e9 de s\u00e9ances \u00e0 domicile selon les cas.<img decoding=\"async\" loading=\"lazy\" class=\"alignright\" src=\"http:\/\/sophrologues.org\/theme1\/files\/2009\/06\/jupiterimages-02309078.jpg\" alt=\"jupiterimages-02309078\" width=\"250\" height=\"334\" \/><\/address>\n<p><strong>\u00a0<\/strong><\/p>\n<p><strong>\u00a0<\/strong><\/p>\n<h3><strong>S\u00e9ances uniquement sur rdv au : 06-30-88-67-89<\/strong><\/h3>\n<p>Parking gratuit devant le cabinet<\/p>\n<h1><strong>\u00a0<\/strong><\/h1>\n<p>Renseignez vous aupr\u00e8s de votre Mutuelle. De plus en plus d\u2019entre elles proposent (selon votre contrat)\u00a0des forfaits de prise en charge d\u2019une partie du co\u00fbt des s\u00e9ances (Smeba, Radiance, AXA, AGF, CCMO, Alptis\u2026<strong>)<\/strong><\/p>\n<p>Assurance rc pro Covea Risk Medinat<\/p>\n<p>Mediateur : cnpm-mediation-consommation.fr\u00a0 repr\u00e9sent\u00e9 par\u00a0 Maitre gilles-robert Lopez\/St Etienne<\/p>\n<p align=\"center\">\n","protected":false},"excerpt":{"rendered":"<p>Tarif en vigueur au 01\/09\/2023 Enfants : 35 euros la s\u00e9ance (30&prime; en cabinet ou en visio) Adultes et s\u00e9niors : 55 euros les 50\u2032 de sophrologie \u00a0 ou\u00a0 60 euros\u00a0au cabinet l\u2019heure de s\u00e9ance sophrologie + relation d &lsquo;aide &hellip; <a href=\"https:\/\/cavokconseil.fr\/mdvelea\/?page_id=20\">Continue reading <span class=\"meta-nav\">&rarr;<\/span><\/a><\/p>\n","protected":false},"author":2,"featured_media":0,"parent":0,"menu_order":90,"comment_status":"closed","ping_status":"closed","template":"","meta":[],"_links":{"self":[{"href":"https:\/\/cavokconseil.fr\/mdvelea\/index.php?rest_route=\/wp\/v2\/pages\/20"}],"collection":[{"href":"https:\/\/cavokconseil.fr\/mdvelea\/index.php?rest_route=\/wp\/v2\/pages"}],"about":[{"href":"https:\/\/cavokconseil.fr\/mdvelea\/index.php?rest_route=\/wp\/v2\/types\/page"}],"author":[{"embeddable":true,"href":"https:\/\/cavokconseil.fr\/mdvelea\/index.php?rest_route=\/wp\/v2\/users\/2"}],"replies":[{"embeddable":true,"href":"https:\/\/cavokconseil.fr\/mdvelea\/index.php?rest_route=%2Fwp%2Fv2%2Fcomments&post=20"}],"version-history":[{"count":16,"href":"https:\/\/cavokconseil.fr\/mdvelea\/index.php?rest_route=\/wp\/v2\/pages\/20\/revisions"}],"predecessor-version":[{"id":800,"href":"https:\/\/cavokconseil.fr\/mdvelea\/index.php?rest_route=\/wp\/v2\/pages\/20\/revisions\/800"}],"wp:attachment":[{"href":"https:\/\/cavokconseil.fr\/mdvelea\/index.php?rest_route=%2Fwp%2Fv2%2Fmedia&parent=20"}],"curies":[{"name":"wp","href":"https:\/\/api.w.org\/{rel}","templated":true}]}}