{"id":7,"date":"2009-06-06T23:20:32","date_gmt":"2009-06-06T21:20:32","guid":{"rendered":"http:\/\/sophrologues.org\/theme1\/?page_id=7"},"modified":"2018-12-29T16:41:01","modified_gmt":"2018-12-29T16:41:01","slug":"qui-suis-je","status":"publish","type":"page","link":"https:\/\/cavokconseil.fr\/mdvelea\/?page_id=7","title":{"rendered":"Me connaitre ?"},"content":{"rendered":"<p>&nbsp;<\/p>\n<p><span style=\"color: #3366ff;\"><strong>\u00a0<a href=\"http:\/\/cavokconseil.fr\/mdvelea\/wp-content\/uploads\/2009\/06\/MD.jpg\" rel=\"attachment wp-att-532\"><img decoding=\"async\" loading=\"lazy\" class=\"alignnone wp-image-269 size-full\" src=\"http:\/\/cavokconseil.fr\/mdvelea\/wp-content\/uploads\/2009\/06\/MD.jpg\" alt=\"\" width=\"214\" height=\"226\" \/><\/a><\/strong><\/span><\/p>\n<h3 style=\"text-align: left;\">Psychopraticienne en Relation d\u2019Aide\/Institut Cassiop\u00e9e<\/h3>\n<h3 style=\"text-align: left;\">Sophrologue \/dipl\u00f4m\u00e9e de l\u2019IFS Paris 10e<\/h3>\n<h3>R\u00e9f\u00e9rente du P\u00f4le Sophrologie et Acouph\u00e8nes en Vend\u00e9e<\/h3>\n<h3 style=\"text-align: left;\">Sophro analyste \/Institut Cassiop\u00e9e<\/h3>\n<h3 style=\"text-align: left;\"><\/h3>\n<h3 style=\"text-align: left;\">(certification ISO 9001 , NF et OPQF),<\/h3>\n<h3 style=\"text-align: left;\">certifi\u00e9e RNCP\/Ape8690F activit\u00e9 de sant\u00e9 humaine<\/h3>\n<p>&nbsp;<\/p>\n<p>&nbsp;<\/p>\n<ul>\n<li>Sophrologue en socio-prophylactie sur rdv en cabinet (travail en individuel par objectif).<\/li>\n<li>Certifi\u00e9e Maitre Praticien en Relation d\u2019Aide. . \u00a0Consultations individuelles\u00a0sur rdv en cabinet\u00a0adapt\u00e9es \u00e0 l\u2019\u00e9tat de mal-\u00eatre ou de crise ressentie.<\/li>\n<li>Charg\u00e9e de formation aux risques psychosociaux et \u00e9tats de mal-\u00eatre. Comment adapter la Sophrologie au monde du travail. Comment g\u00e9rer son stress, celui des collaborateurs et les cons\u00e9quences dans le cadre d\u2019une entreprise.\u00a0Application des techniques de la Sophrologie pour g\u00e9rer le stress et renforcer les capacit\u00e9s personnelles.<\/li>\n<li>SEF (Sant\u00e9 Emotion Flow) : formatrice \u00e0 la d\u00e9tection des \u00e9tats de mal Etre et \u00e0 la sant\u00e9 \u00e9motionnelle (FLOW) avec Eric Verin.(CAVOK Conseil\u00a0)<\/li>\n<li>ELEA (experiential learning) : co-animatrice de stages de coh\u00e9sion et solidification des \u00e9quipes par la mise en situation des participants afin qu\u2019ils apprennent d\u2019eux-m\u00eames les m\u00e9canismes individuels qui les font se d\u00e9passer et les m\u00e9canismes collectifs qui permettent le fonctionnement de l\u2019\u00e9quipe de mani\u00e8re optimale.<\/li>\n<li>1993 CNOF, Chef de produit, responsable de programme pour les stages de formation aux ressources humaines (prise de parole en public, confiance en soi, gestion du stress, management d\u2019\u00e9quipe..)<\/li>\n<li>1986 WILSON LEARNING leader mondial de la Formation pour adultes dans les ann\u00e9es 80, \u00a0d\u00e9veloppait pour le monde entier des programmes de management, vente et communication \u00e0 destination des cadres et employ\u00e9s. Nous avions en charge l\u2019animation d\u2019un r\u00e9seau de filiales en Europe et l\u2019implantation dans ces pays des diff\u00e9rents programmes de formation, dont la formation aux<em>styles sociaux<\/em>, programme phare de\u00a0communication inter-personnelle, d\u00e9clin\u00e9 en de nombreuses versions aupr\u00e8s des grandes entreprises fran\u00e7aises.<\/li>\n<\/ul>\n<p>&nbsp;<\/p>\n<h3>Membre :<\/h3>\n<p>&nbsp;<\/p>\n<ul>\n<li>Membre du Syndicat des Sophrologues Professionnels<\/li>\n<li>Membre du P\u00f4le Sophrologie et Acouph\u00e8nes<\/li>\n<li>Membre de la Chambre Syndicale des Sophrologues<\/li>\n<li>Membre du r\u00e9seau CAVOK,\u00a0\u00a0cabinet de conseil, \u00a0organisme de formation professionnelle priv\u00e9\u00a0depuis 19 ans. Ce r\u00e9seau\u00a0regroupe des \u00a0professionnels ind\u00e9pendants, sp\u00e9cialis\u00e9s par m\u00e9tier\u00a0 (management, communication, commercial, psychologie et relation d\u2019aide) ou par secteur d\u2019activit\u00e9 (BTP, banque, industrie, services..)<\/li>\n<\/ul>\n<p>&nbsp;<\/p>\n<h3>Formations compl\u00e9mentaires suivies :<\/h3>\n<ul>\n<li>\u00ab\u00a0psychopraticienne en Relation d\u2019Aide\u00a0\u00bb selon les principes de Karl Rogers, Certifi\u00e9e par l\u2019Institut Cassiop\u00e9e<\/li>\n<li>\u00ab\u00a0sophro analyste\u00a0\u00bb \u00e0 l\u2019Institut Cassiop\u00e9e, m\u00e9thode du Docteur claude Imbert<\/li>\n<li>Sp\u00e9cialis\u00e9e \u00ab\u00a0Sophrologie et Monde du travail\u00a0\u00bb, appliqu\u00e9 au stress par le Docteur Luc Audoin (CEAS Centre d\u2019Etude et d\u2019applications de la Sophrologie\u00a0Paris)<\/li>\n<li>Sp\u00e9cialis\u00e9e \u00ab\u00a0Sophrologie et Adolescence\u00a0\u00bbpar l\u2019Institut de Formation \u00e0 la Sophrologie (Catherine Aliotta)<\/li>\n<li>Diplom\u00e9e Technicien PNL (programmation Neuro Linguistique) par France PNL<\/li>\n<li>Diplom\u00e9e du stage M\u00e9decine Traditionnelle Chinoise, appliqu\u00e9e au stress, par Jean Pelissier<\/li>\n<li>15 ans de pratique de la m\u00e9thode de danse rythmique Ir\u00e8ne Popard, \u00e9l\u00e8ve\u00a0de Nicole Laure-Loisel<\/li>\n<li>27 ans de stretching et gymnastique corrective<\/li>\n<\/ul>\n","protected":false},"excerpt":{"rendered":"<p>&nbsp; \u00a0 Psychopraticienne en Relation d\u2019Aide\/Institut Cassiop\u00e9e Sophrologue \/dipl\u00f4m\u00e9e de l\u2019IFS Paris 10e R\u00e9f\u00e9rente du P\u00f4le Sophrologie et Acouph\u00e8nes en Vend\u00e9e Sophro analyste \/Institut Cassiop\u00e9e (certification ISO 9001 , NF et OPQF), certifi\u00e9e RNCP\/Ape8690F activit\u00e9 de sant\u00e9 humaine &nbsp; &nbsp; &hellip; <a href=\"https:\/\/cavokconseil.fr\/mdvelea\/?page_id=7\">Continue reading <span class=\"meta-nav\">&rarr;<\/span><\/a><\/p>\n","protected":false},"author":2,"featured_media":0,"parent":0,"menu_order":20,"comment_status":"closed","ping_status":"closed","template":"","meta":[],"_links":{"self":[{"href":"https:\/\/cavokconseil.fr\/mdvelea\/index.php?rest_route=\/wp\/v2\/pages\/7"}],"collection":[{"href":"https:\/\/cavokconseil.fr\/mdvelea\/index.php?rest_route=\/wp\/v2\/pages"}],"about":[{"href":"https:\/\/cavokconseil.fr\/mdvelea\/index.php?rest_route=\/wp\/v2\/types\/page"}],"author":[{"embeddable":true,"href":"https:\/\/cavokconseil.fr\/mdvelea\/index.php?rest_route=\/wp\/v2\/users\/2"}],"replies":[{"embeddable":true,"href":"https:\/\/cavokconseil.fr\/mdvelea\/index.php?rest_route=%2Fwp%2Fv2%2Fcomments&post=7"}],"version-history":[{"count":6,"href":"https:\/\/cavokconseil.fr\/mdvelea\/index.php?rest_route=\/wp\/v2\/pages\/7\/revisions"}],"predecessor-version":[{"id":759,"href":"https:\/\/cavokconseil.fr\/mdvelea\/index.php?rest_route=\/wp\/v2\/pages\/7\/revisions\/759"}],"wp:attachment":[{"href":"https:\/\/cavokconseil.fr\/mdvelea\/index.php?rest_route=%2Fwp%2Fv2%2Fmedia&parent=7"}],"curies":[{"name":"wp","href":"https:\/\/api.w.org\/{rel}","templated":true}]}}